{"id":10652,"date":"2025-06-18T18:31:51","date_gmt":"2025-06-18T16:31:51","guid":{"rendered":"https:\/\/lag-selbsthilfe-sachsen.de\/aktuelles\/"},"modified":"2025-06-18T18:31:51","modified_gmt":"2025-06-18T16:31:51","slug":"aktuelles","status":"publish","type":"page","link":"https:\/\/lag-selbsthilfe-sachsen.de\/ls\/aktuelles\/","title":{"rendered":"Aktuelles"},"content":{"rendered":"<p>[][vc_row el_position=&#8221;first last&#8221;][vc_column width=&#8221;5\/6&#8243;]<div class=\"columns clearfix layout-column\"><ul class=\"blog vc_col-sm-6 wpb_column vc_column_container page-margin-top\"><li class=\" post post-11708 type-post status-publish format-standard hentry category-uncategorized-ls\"><ul class=\"comment-box clearfix\"><li class=\"date\">\n\t\t\t\t\t\t\t\t<div class=\"value\">20. MARCH 2026<\/div>\n\t\t\t\t\t\t\t\t<div class=\"arrow-date\"><\/div>\n\t\t\t\t\t\t\t<\/li><\/ul><div class=\"post-content\"><h2 class=\"post-title\"><a href=\"https:\/\/lag-selbsthilfe-sachsen.de\/ls\/welt%c2%b7tag-fuer-das-down-syndrom-2026\/\" title=\"Welt\u00b7tag f\u00fcr das Down-Syndrom 2026\">Welt\u00b7tag f\u00fcr das Down-Syndrom 2026<\/a><\/h2><p>Das Down-Syndrom ist eine genetische Besonder\u00b7heit. Es ist keine Krankheit. Es ist eine Beeintr\u00e4chtigung. Einmal im Jahr stehen Personen mit Down-Syndrom besonders im Fokus. Das ist am welt\u00b7weiten Tag f\u00fcr das Down-Syndrom. Das ist der 21.\u00a0M\u00e4rz. Dieser&#8230;<\/p>\n<a title=\"Mehr Information\" href=\"https:\/\/lag-selbsthilfe-sachsen.de\/ls\/welt%c2%b7tag-fuer-das-down-syndrom-2026\/\" class=\"more template-arrow-horizontal-1-after\">Mehr Information<\/a><\/div><\/li><li class=\" post post-11420 type-post status-publish format-standard hentry category-uncategorized-ls\"><ul class=\"comment-box clearfix\"><li class=\"date\">\n\t\t\t\t\t\t\t\t<div class=\"value\">24. NOVEMBER 2025<\/div>\n\t\t\t\t\t\t\t\t<div class=\"arrow-date\"><\/div>\n\t\t\t\t\t\t\t<\/li><\/ul><div class=\"post-content\"><h2 class=\"post-title\"><a href=\"https:\/\/lag-selbsthilfe-sachsen.de\/ls\/adhs-fach%c2%b7tag-sachsen-2025\/\" title=\"AD(H)S-Fach\u00b7tag Sachsen 2025\">AD(H)S-Fach\u00b7tag Sachsen 2025<\/a><\/h2><p>ADHS ist eine Abk\u00fcrzung. Die Abk\u00fcrzung steht f\u00fcr: Aufmerksamkeits\u00b7defizit-Hyperaktivit\u00e4ts\u00b7st\u00f6rung. Manchmal kann das H aber auch weggelassen werden. Deswegen steht es in Klammern: AD(H)S. &nbsp; AD(H)S ist eine psychische St\u00f6rung. Menschen mit AD(H)S&#8230;<\/p>\n<a title=\"Mehr Information\" href=\"https:\/\/lag-selbsthilfe-sachsen.de\/ls\/adhs-fach%c2%b7tag-sachsen-2025\/\" class=\"more template-arrow-horizontal-1-after\">Mehr Information<\/a><\/div><\/li><\/ul><ul class=\"blog vc_col-sm-6 wpb_column vc_column_container page-margin-top\"><li class=\" post post-11412 type-post status-publish format-standard has-post-thumbnail hentry category-uncategorized-ls\"><ul class=\"comment-box clearfix\"><li class=\"date\">\n\t\t\t\t\t\t\t\t<div class=\"value\">14. NOVEMBER 2025<\/div>\n\t\t\t\t\t\t\t\t<div class=\"arrow-date\"><\/div>\n\t\t\t\t\t\t\t<\/li><\/ul><div class=\"post-content\"><a class=\"post-image\" href=\"https:\/\/lag-selbsthilfe-sachsen.de\/ls\/umfrage-zu-gewalt-gegen-behinderte\/\" title=\"Umfrage zu Gewalt gegen Behinderte\"><span class=\"mc-preloader\"><\/span><img loading=\"lazy\" decoding=\"async\" width=\"900\" height=\"480\" src=\"https:\/\/lag-selbsthilfe-sachsen.de\/wp-content\/uploads\/2022\/11\/1280px-Flag_of_the_United_Nations.svg_-900x480-1.png\" class=\"attachment-full size-full wp-post-image\" alt=\"Umfrage zu Gewalt gegen Behinderte\" title=\"\" srcset=\"https:\/\/lag-selbsthilfe-sachsen.de\/wp-content\/uploads\/2022\/11\/1280px-Flag_of_the_United_Nations.svg_-900x480-1.png 900w, https:\/\/lag-selbsthilfe-sachsen.de\/wp-content\/uploads\/2022\/11\/1280px-Flag_of_the_United_Nations.svg_-900x480-1-300x160.png 300w, https:\/\/lag-selbsthilfe-sachsen.de\/wp-content\/uploads\/2022\/11\/1280px-Flag_of_the_United_Nations.svg_-900x480-1-768x410.png 768w\" sizes=\"auto, (max-width: 900px) 100vw, 900px\" \/><\/a><h2 class=\"post-title\"><a href=\"https:\/\/lag-selbsthilfe-sachsen.de\/ls\/umfrage-zu-gewalt-gegen-behinderte\/\" title=\"Umfrage zu Gewalt gegen Behinderte\">Umfrage zu Gewalt gegen Behinderte<\/a><\/h2><p>UN fragt Menschen mit Behinderungen: Was hilft gegen Gewalt Die UN ist eine gro\u00dfe Gruppe von L\u00e4ndern. Die UN arbeitet daf\u00fcr: Frieden Menschen\u00b7rechte ein gutes Leben f\u00fcr alle Eine Gruppe von der UN hei\u00dft: \u201eAusschuss f\u00fcr die Rechte von Menschen mit Behinderungen\u201c&#8230;.<\/p>\n<a title=\"Mehr Information\" href=\"https:\/\/lag-selbsthilfe-sachsen.de\/ls\/umfrage-zu-gewalt-gegen-behinderte\/\" class=\"more template-arrow-horizontal-1-after\">Mehr Information<\/a><\/div><\/li><li class=\" post post-11397 type-post status-publish format-standard hentry category-uncategorized-ls\"><ul class=\"comment-box clearfix\"><li class=\"date\">\n\t\t\t\t\t\t\t\t<div class=\"value\">12. NOVEMBER 2025<\/div>\n\t\t\t\t\t\t\t\t<div class=\"arrow-date\"><\/div>\n\t\t\t\t\t\t\t<\/li><\/ul><div class=\"post-content\"><h2 class=\"post-title\"><a href=\"https:\/\/lag-selbsthilfe-sachsen.de\/ls\/benachteiligung-von-frauen-und-maedchen-mit-behinderungen\/\" title=\"Benachteiligung von Frauen und M\u00e4dchen mit Behinderungen\">Benachteiligung von Frauen und M\u00e4dchen mit Behinderungen<\/a><\/h2><p>Frauen und M\u00e4dchen mit Behinderung werden oft mehrfach benachteiligt. Das sieht man an vielen t\u00e4glichen Hindernissen. Zum Beispiel bei Entscheidungen: Mit wem m\u00f6chten sie Sex haben. Wollen sie Kinder bekommen. Oder ob sie von \u00c4rzten ernst genommen werden&#8230;.<\/p>\n<a title=\"Mehr Information\" href=\"https:\/\/lag-selbsthilfe-sachsen.de\/ls\/benachteiligung-von-frauen-und-maedchen-mit-behinderungen\/\" class=\"more template-arrow-horizontal-1-after\">Mehr Information<\/a><\/div><\/li><\/ul><\/div><ul class='pagination page-margin-top'><li class='selected'><span>1<\/span><\/li><li><a href='https:\/\/lag-selbsthilfe-sachsen.de\/ls\/wp-json\/wp\/v2\/pages\/10652\/page\/2\/'>2<\/a><\/li><li><a href='https:\/\/lag-selbsthilfe-sachsen.de\/ls\/wp-json\/wp\/v2\/pages\/10652\/page\/3\/'>3<\/a><\/li><li><a href='https:\/\/lag-selbsthilfe-sachsen.de\/ls\/wp-json\/wp\/v2\/pages\/10652\/page\/2\/'>&rsaquo;<\/a><\/li><li><a href='https:\/\/lag-selbsthilfe-sachsen.de\/ls\/wp-json\/wp\/v2\/pages\/10652\/page\/6\/'>&raquo;<\/a><\/li><\/ul>[\/vc_column][vc_column width=&#8221;1\/6&#8243;][vc_widget_sidebar sidebar_id=&#8221;sidebar-blog&#8221;][\/vc_column][\/vc_row][]<\/p>\n","protected":false},"excerpt":{"rendered":"<p>[][vc_row el_position=&#8221;first last&#8221;][vc_column width=&#8221;5\/6&#8243;][\/vc_column][vc_column width=&#8221;1\/6&#8243;][vc_widget_sidebar sidebar_id=&#8221;sidebar-blog&#8221;][\/vc_column][\/vc_row][]<\/p>\n","protected":false},"author":1,"featured_media":0,"parent":0,"menu_order":0,"comment_status":"open","ping_status":"open","template":"template-blog.php","meta":{"_acf_changed":false,"footnotes":""},"class_list":["post-10652","page","type-page","status-publish","hentry"],"acf":[],"yoast_head":"<!-- This site is optimized with the Yoast SEO plugin v27.3 - https:\/\/yoast.com\/product\/yoast-seo-wordpress\/ -->\n<title>Aktuelles - LAG<\/title>\n<meta name=\"robots\" content=\"index, follow, max-snippet:-1, max-image-preview:large, max-video-preview:-1\" \/>\n<link rel=\"canonical\" href=\"https:\/\/lag-selbsthilfe-sachsen.de\/ls\/aktuelles\/\" \/>\n<meta property=\"og:locale\" content=\"en_US\" \/>\n<meta property=\"og:type\" content=\"article\" \/>\n<meta property=\"og:title\" content=\"Aktuelles - LAG\" \/>\n<meta property=\"og:description\" content=\"[][vc_row el_position=&#8221;first last&#8221;][vc_column width=&#8221;5\/6&#8243;][\/vc_column][vc_column width=&#8221;1\/6&#8243;][vc_widget_sidebar sidebar_id=&#8221;sidebar-blog&#8221;][\/vc_column][\/vc_row][]\" \/>\n<meta property=\"og:url\" content=\"https:\/\/lag-selbsthilfe-sachsen.de\/ls\/aktuelles\/\" \/>\n<meta property=\"og:site_name\" content=\"LAG\" \/>\n<meta property=\"og:image\" content=\"https:\/\/lag-selbsthilfe-sachsen.de\/wp-content\/uploads\/2021\/04\/facebook.png\" \/>\n\t<meta property=\"og:image:width\" content=\"1367\" \/>\n\t<meta property=\"og:image:height\" content=\"796\" \/>\n\t<meta property=\"og:image:type\" content=\"image\/png\" \/>\n<meta name=\"twitter:card\" content=\"summary_large_image\" \/>\n<script type=\"application\/ld+json\" class=\"yoast-schema-graph\">{\"@context\":\"https:\\\/\\\/schema.org\",\"@graph\":[{\"@type\":\"WebPage\",\"@id\":\"https:\\\/\\\/lag-selbsthilfe-sachsen.de\\\/ls\\\/aktuelles\\\/\",\"url\":\"https:\\\/\\\/lag-selbsthilfe-sachsen.de\\\/ls\\\/aktuelles\\\/\",\"name\":\"Aktuelles - LAG\",\"isPartOf\":{\"@id\":\"https:\\\/\\\/lag-selbsthilfe-sachsen.de\\\/ls\\\/#website\"},\"datePublished\":\"2025-06-18T16:31:51+00:00\",\"breadcrumb\":{\"@id\":\"https:\\\/\\\/lag-selbsthilfe-sachsen.de\\\/ls\\\/aktuelles\\\/#breadcrumb\"},\"inLanguage\":\"l-S\",\"potentialAction\":[{\"@type\":\"ReadAction\",\"target\":[\"https:\\\/\\\/lag-selbsthilfe-sachsen.de\\\/ls\\\/aktuelles\\\/\"]}]},{\"@type\":\"BreadcrumbList\",\"@id\":\"https:\\\/\\\/lag-selbsthilfe-sachsen.de\\\/ls\\\/aktuelles\\\/#breadcrumb\",\"itemListElement\":[{\"@type\":\"ListItem\",\"position\":1,\"name\":\"Startseite\",\"item\":\"https:\\\/\\\/lag-selbsthilfe-sachsen.de\\\/ls\\\/\"},{\"@type\":\"ListItem\",\"position\":2,\"name\":\"Aktuelles\"}]},{\"@type\":\"WebSite\",\"@id\":\"https:\\\/\\\/lag-selbsthilfe-sachsen.de\\\/ls\\\/#website\",\"url\":\"https:\\\/\\\/lag-selbsthilfe-sachsen.de\\\/ls\\\/\",\"name\":\"LAG\",\"description\":\"Landesarbeitsgemeinschaft Selbsthilfe Sachsen e.V.\",\"potentialAction\":[{\"@type\":\"SearchAction\",\"target\":{\"@type\":\"EntryPoint\",\"urlTemplate\":\"https:\\\/\\\/lag-selbsthilfe-sachsen.de\\\/ls\\\/?s={search_term_string}\"},\"query-input\":{\"@type\":\"PropertyValueSpecification\",\"valueRequired\":true,\"valueName\":\"search_term_string\"}}],\"inLanguage\":\"l-S\"}]}<\/script>\n<!-- \/ Yoast SEO plugin. -->","yoast_head_json":{"title":"Aktuelles - LAG","robots":{"index":"index","follow":"follow","max-snippet":"max-snippet:-1","max-image-preview":"max-image-preview:large","max-video-preview":"max-video-preview:-1"},"canonical":"https:\/\/lag-selbsthilfe-sachsen.de\/ls\/aktuelles\/","og_locale":"en_US","og_type":"article","og_title":"Aktuelles - LAG","og_description":"[][vc_row el_position=&#8221;first last&#8221;][vc_column width=&#8221;5\/6&#8243;][\/vc_column][vc_column width=&#8221;1\/6&#8243;][vc_widget_sidebar sidebar_id=&#8221;sidebar-blog&#8221;][\/vc_column][\/vc_row][]","og_url":"https:\/\/lag-selbsthilfe-sachsen.de\/ls\/aktuelles\/","og_site_name":"LAG","og_image":[{"width":1367,"height":796,"url":"https:\/\/lag-selbsthilfe-sachsen.de\/wp-content\/uploads\/2021\/04\/facebook.png","type":"image\/png"}],"twitter_card":"summary_large_image","schema":{"@context":"https:\/\/schema.org","@graph":[{"@type":"WebPage","@id":"https:\/\/lag-selbsthilfe-sachsen.de\/ls\/aktuelles\/","url":"https:\/\/lag-selbsthilfe-sachsen.de\/ls\/aktuelles\/","name":"Aktuelles - LAG","isPartOf":{"@id":"https:\/\/lag-selbsthilfe-sachsen.de\/ls\/#website"},"datePublished":"2025-06-18T16:31:51+00:00","breadcrumb":{"@id":"https:\/\/lag-selbsthilfe-sachsen.de\/ls\/aktuelles\/#breadcrumb"},"inLanguage":"l-S","potentialAction":[{"@type":"ReadAction","target":["https:\/\/lag-selbsthilfe-sachsen.de\/ls\/aktuelles\/"]}]},{"@type":"BreadcrumbList","@id":"https:\/\/lag-selbsthilfe-sachsen.de\/ls\/aktuelles\/#breadcrumb","itemListElement":[{"@type":"ListItem","position":1,"name":"Startseite","item":"https:\/\/lag-selbsthilfe-sachsen.de\/ls\/"},{"@type":"ListItem","position":2,"name":"Aktuelles"}]},{"@type":"WebSite","@id":"https:\/\/lag-selbsthilfe-sachsen.de\/ls\/#website","url":"https:\/\/lag-selbsthilfe-sachsen.de\/ls\/","name":"LAG","description":"Landesarbeitsgemeinschaft Selbsthilfe Sachsen e.V.","potentialAction":[{"@type":"SearchAction","target":{"@type":"EntryPoint","urlTemplate":"https:\/\/lag-selbsthilfe-sachsen.de\/ls\/?s={search_term_string}"},"query-input":{"@type":"PropertyValueSpecification","valueRequired":true,"valueName":"search_term_string"}}],"inLanguage":"l-S"}]}},"_links":{"self":[{"href":"https:\/\/lag-selbsthilfe-sachsen.de\/ls\/wp-json\/wp\/v2\/pages\/10652","targetHints":{"allow":["GET"]}}],"collection":[{"href":"https:\/\/lag-selbsthilfe-sachsen.de\/ls\/wp-json\/wp\/v2\/pages"}],"about":[{"href":"https:\/\/lag-selbsthilfe-sachsen.de\/ls\/wp-json\/wp\/v2\/types\/page"}],"author":[{"embeddable":true,"href":"https:\/\/lag-selbsthilfe-sachsen.de\/ls\/wp-json\/wp\/v2\/users\/1"}],"replies":[{"embeddable":true,"href":"https:\/\/lag-selbsthilfe-sachsen.de\/ls\/wp-json\/wp\/v2\/comments?post=10652"}],"version-history":[{"count":2,"href":"https:\/\/lag-selbsthilfe-sachsen.de\/ls\/wp-json\/wp\/v2\/pages\/10652\/revisions"}],"predecessor-version":[{"id":10654,"href":"https:\/\/lag-selbsthilfe-sachsen.de\/ls\/wp-json\/wp\/v2\/pages\/10652\/revisions\/10654"}],"wp:attachment":[{"href":"https:\/\/lag-selbsthilfe-sachsen.de\/ls\/wp-json\/wp\/v2\/media?parent=10652"}],"curies":[{"name":"wp","href":"https:\/\/api.w.org\/{rel}","templated":true}]}}

<p>[][vc_row el_position=&#8221;first last&#8221;][vc_column width=&#8221;5/6&#8243;]<div class="columns clearfix layout-column"><ul class="blog vc_col-sm-6 wpb_column vc_column_container page-margin-top"><li class=" post post-11708 type-post status-publish format-standard hentry category-uncategorized-ls"><ul class="comment-box clearfix"><li class="date">
								<div class="value">20. MARCH 2026</div>
								<div class="arrow-date"></div>
							</li></ul><div class="post-content"><h2 class="post-title"><a href="https://lag-selbsthilfe-sachsen.de/ls/welt%c2%b7tag-fuer-das-down-syndrom-2026/" title="Welt·tag für das Down-Syndrom 2026">Welt·tag für das Down-Syndrom 2026</a></h2><p>Das Down-Syndrom ist eine genetische Besonder·heit. Es ist keine Krankheit. Es ist eine Beeinträchtigung. Einmal im Jahr stehen Personen mit Down-Syndrom besonders im Fokus. Das ist am welt·weiten Tag für das Down-Syndrom. Das ist der 21. März. Dieser&#8230;</p>
<a title="Mehr Information" href="https://lag-selbsthilfe-sachsen.de/ls/welt%c2%b7tag-fuer-das-down-syndrom-2026/" class="more template-arrow-horizontal-1-after">Mehr Information</a></div></li><li class=" post post-11420 type-post status-publish format-standard hentry category-uncategorized-ls"><ul class="comment-box clearfix"><li class="date">
								<div class="value">24. NOVEMBER 2025</div>
								<div class="arrow-date"></div>
							</li></ul><div class="post-content"><h2 class="post-title"><a href="https://lag-selbsthilfe-sachsen.de/ls/adhs-fach%c2%b7tag-sachsen-2025/" title="AD(H)S-Fach·tag Sachsen 2025">AD(H)S-Fach·tag Sachsen 2025</a></h2><p>ADHS ist eine Abkürzung. Die Abkürzung steht für: Aufmerksamkeits·defizit-Hyperaktivitäts·störung. Manchmal kann das H aber auch weggelassen werden. Deswegen steht es in Klammern: AD(H)S. &nbsp; AD(H)S ist eine psychische Störung. Menschen mit AD(H)S&#8230;</p>
<a title="Mehr Information" href="https://lag-selbsthilfe-sachsen.de/ls/adhs-fach%c2%b7tag-sachsen-2025/" class="more template-arrow-horizontal-1-after">Mehr Information</a></div></li></ul><ul class="blog vc_col-sm-6 wpb_column vc_column_container page-margin-top"><li class=" post post-11412 type-post status-publish format-standard has-post-thumbnail hentry category-uncategorized-ls"><ul class="comment-box clearfix"><li class="date">
								<div class="value">14. NOVEMBER 2025</div>
								<div class="arrow-date"></div>
							</li></ul><div class="post-content"><a class="post-image" href="https://lag-selbsthilfe-sachsen.de/ls/umfrage-zu-gewalt-gegen-behinderte/" title="Umfrage zu Gewalt gegen Behinderte"><span class="mc-preloader"></span><img loading="lazy" decoding="async" width="900" height="480" src="https://lag-selbsthilfe-sachsen.de/wp-content/uploads/2022/11/1280px-Flag_of_the_United_Nations.svg_-900x480-1.png" class="attachment-full size-full wp-post-image" alt="Umfrage zu Gewalt gegen Behinderte" title="" srcset="https://lag-selbsthilfe-sachsen.de/wp-content/uploads/2022/11/1280px-Flag_of_the_United_Nations.svg_-900x480-1.png 900w, https://lag-selbsthilfe-sachsen.de/wp-content/uploads/2022/11/1280px-Flag_of_the_United_Nations.svg_-900x480-1-300x160.png 300w, https://lag-selbsthilfe-sachsen.de/wp-content/uploads/2022/11/1280px-Flag_of_the_United_Nations.svg_-900x480-1-768x410.png 768w" sizes="auto, (max-width: 900px) 100vw, 900px" /></a><h2 class="post-title"><a href="https://lag-selbsthilfe-sachsen.de/ls/umfrage-zu-gewalt-gegen-behinderte/" title="Umfrage zu Gewalt gegen Behinderte">Umfrage zu Gewalt gegen Behinderte</a></h2><p>UN fragt Menschen mit Behinderungen: Was hilft gegen Gewalt Die UN ist eine große Gruppe von Ländern. Die UN arbeitet dafür: Frieden Menschen·rechte ein gutes Leben für alle Eine Gruppe von der UN heißt: „Ausschuss für die Rechte von Menschen mit Behinderungen“&#8230;.</p>
<a title="Mehr Information" href="https://lag-selbsthilfe-sachsen.de/ls/umfrage-zu-gewalt-gegen-behinderte/" class="more template-arrow-horizontal-1-after">Mehr Information</a></div></li><li class=" post post-11397 type-post status-publish format-standard hentry category-uncategorized-ls"><ul class="comment-box clearfix"><li class="date">
								<div class="value">12. NOVEMBER 2025</div>
								<div class="arrow-date"></div>
							</li></ul><div class="post-content"><h2 class="post-title"><a href="https://lag-selbsthilfe-sachsen.de/ls/benachteiligung-von-frauen-und-maedchen-mit-behinderungen/" title="Benachteiligung von Frauen und Mädchen mit Behinderungen">Benachteiligung von Frauen und Mädchen mit Behinderungen</a></h2><p>Frauen und Mädchen mit Behinderung werden oft mehrfach benachteiligt. Das sieht man an vielen täglichen Hindernissen. Zum Beispiel bei Entscheidungen: Mit wem möchten sie Sex haben. Wollen sie Kinder bekommen. Oder ob sie von Ärzten ernst genommen werden&#8230;.</p>
<a title="Mehr Information" href="https://lag-selbsthilfe-sachsen.de/ls/benachteiligung-von-frauen-und-maedchen-mit-behinderungen/" class="more template-arrow-horizontal-1-after">Mehr Information</a></div></li></ul></div><ul class='pagination page-margin-top'><li class='selected'><span>1</span></li><li><a href='https://lag-selbsthilfe-sachsen.de/ls/wp-json/wp/v2/pages/10652/page/2/'>2</a></li><li><a href='https://lag-selbsthilfe-sachsen.de/ls/wp-json/wp/v2/pages/10652/page/3/'>3</a></li><li><a href='https://lag-selbsthilfe-sachsen.de/ls/wp-json/wp/v2/pages/10652/page/2/'>&rsaquo;</a></li><li><a href='https://lag-selbsthilfe-sachsen.de/ls/wp-json/wp/v2/pages/10652/page/6/'>&raquo;</a></li></ul>[/vc_column][vc_column width=&#8221;1/6&#8243;][vc_widget_sidebar sidebar_id=&#8221;sidebar-blog&#8221;][/vc_column][/vc_row][]</p>
